{"id":150,"date":"2019-09-07T16:21:49","date_gmt":"2019-09-07T14:21:49","guid":{"rendered":"http:\/\/bagrujem.cz\/?page_id=150"},"modified":"2019-09-07T16:21:49","modified_gmt":"2019-09-07T14:21:49","slug":"zemni-prace-pro-okres-tabor-mesto","status":"publish","type":"page","link":"https:\/\/bagrujem.cz\/index.php\/zemni-prace-pro-okres-tabor-mesto\/","title":{"rendered":"Zemn\u00ed pr\u00e1ce pro okres T\u00e1bor-m\u011bsto"},"content":{"rendered":"\n<p>\n\nV okrese T\u00e1bor-m\u011bsto a tedy ve m\u011bstech (Balkova Lhota , Be\u010dice , Bechyn\u011b (Hvo\u017e\u010fany , Seno\u017eaty) , B\u011ble\u010d (Bzov\u00e1 , Elban\u010dice) , Borkovice , Borot\u00edn (Boratkov , Hatov , Chomoutova Lhota , Kamenn\u00e1 Lhota , Libenice , Nov\u00fd Kostelec , Pej\u0161ova Lhota , Pikov , P\u0159edbojov , Sychrov) , Brad\u00e1\u010dov (Horn\u00ed Sv\u011btl\u00e1) , B\u0159eznice , Budislav (Hlav\u0148ov , Z\u00e1lu\u017e\u00ed u Budislav\u011b) , \u010cern\u00fd\u0161ovice (Hut\u011b) , D\u00edrn\u00e1 (L\u017e\u00edn , Nov\u00e1 Ves , Z\u00e1\u0159\u00ed\u010d\u00ed , Z\u00e1vs\u00ed) , Dlouh\u00e1 Lhota , Dobronice u Bechyn\u011b , Doln\u00ed Ho\u0159ice (Hartv\u00edkov , Horn\u00ed Ho\u0159ice , Chot\u010diny , Kladruby , Lej\u010dkov , Ma\u0161ovice , Nov\u00e9 Dvory , Oblajovice , Po\u0159\u00edn , Praset\u00edn , Radostovice) , Doln\u00ed Hrachovice (Horn\u00ed Hrachovice , Mostek) , Drahov , Dr\u00e1chov , Dra\u017eice , Dra\u017ei\u010dky , Drhovice , Ha\u0161kovcova Lhota , Hlasivo (Hlas\u00edvko , Ra\u0161ovice , Teme\u0161v\u00e1r) , Hlavatce (Debrn\u00edk , Vyhnanice) , Hod\u011bt\u00edn (Blatec , Nov\u00e1 Ves) , Hodonice , Chot\u011bmice , Chotoviny (Beranova Lhota , Brou\u010dkova Lhota , \u010cerven\u00e9 Z\u00e1ho\u0159\u00ed , Jen\u00ed\u010dkova Lhota , Liderovice , Morave\u010d , Pol\u00e1nka , Rzav\u00e1 , \u0158evnov , Sedle\u010dko , Vr\u00e1\u017en\u00e1) , Choustn\u00edk (Kajet\u00edn , P\u0159edbo\u0159) , Chrbon\u00edn , Ch\u00fdnov (Dobronice u Ch\u00fdnova , Klou\u017eovice , Velmovice , Z\u00e1hostice) , Jedlany , Jistebnice (Alenina Lhota , Bo\u017eejovice , Cunkov , Drahn\u011btice , Hodkov , H\u016frka , Chlum , Javo\u0159\u00ed , Jezviny , K\u0159ivo\u0161\u00edn , Makov , Nehon\u00edn , Orlov , Ostr\u00fd , Ounuz , Pada\u0159ov , Plechov , Podol , Poho\u0159\u00ed , Smrkov , Stru\u017einec , Svo\u0159\u00ed\u017e , T\u0159eme\u0161n\u00e1 , Vl\u00e1senice , Zbel\u00edtov , Zv\u011bston\u00edn) , Katov , Klenovice , Kom\u00e1rov , Ko\u0161ice (Borek , Doub\u00ed) , Ko\u0161\u00edn , Kr\u00e1to\u0161ice , Krtov , Lib\u011bjice , Lom , Mal\u0161ice (\u010cenkov , Dob\u0159ejice , Mar\u0161ov , Nov\u00e9 L\u00e1ny , Obora , Star\u00e9 L\u00e1ny , T\u0159ebelice , V\u0161echlapy) , Ma\u017eice , Mezi\u0159\u00ed\u010d\u00ed , Mezn\u00e1 , Mlad\u00e1 Vo\u017eice (Bendovo Z\u00e1ho\u0159\u00ed , Blanice , Doln\u00ed Kouty , Dubina , Horn\u00ed Kouty , Chocov , Janov , Krchova Lomn\u00e1 , Noskov , Pavlov , Radvanov , Stanim\u011b\u0159ice , Star\u00e1 Vo\u017eice , \u00dast\u011bjov) , Ml\u00fdny , Myslkovice , Nad\u011bjkov (Bezd\u011bkov , Brtec , \u010c\u00ed\u010dovice , Hronova Vesec , Hubov , Chl\u00edstov , Kali\u0161t\u011b , K\u0159enovy Dvory , Modl\u00edkov , Mozolov , Nep\u0159ejov , Pet\u0159\u00edkovice , Poho\u0159elice , \u0160ichova Vesec , Starcova Lhota , V\u011btrov , Vrati\u0161ov) , Nasavrky , Nemy\u0161l (D\u011bdice , D\u011bdi\u010dky , Ho\u0161tice , Prudice , \u00dalehle , \u00daraz , Z\u00e1ho\u0159\u00ed\u010dko) , Nov\u00e1 Ves u Ch\u00fdnova , Nov\u00e1 Ves u Mlad\u00e9 Vo\u017eice (Horn\u00ed St\u0159\u00edte\u017e , K\u0159t\u011bnovice , Mutice) , Old\u0159ichov , Opa\u0159any (Hodu\u0161\u00edn , Nov\u00e9 Dvory , Ol\u0161\u00ed , Oltyn\u011b , Podbo\u0159\u00ed , Skr\u00fdchov u Opa\u0159an) , Plan\u00e1 nad Lu\u017enic\u00ed (Lhota Samoty , Strkov) , Pohn\u00e1nec , Pohn\u00e1n\u00ed , Pojbuky (Blatnice , Doln\u00ed Sv\u011btl\u00e1 , Zadn\u00ed Lomn\u00e1) , P\u0159eho\u0159ov (Hru\u0161ova Lhota , Kvasejovice) , Ps\u00e1rov (T\u0159\u00edklasovice) , Raden\u00edn (Raden\u00edn , B\u00edtov , Hroby , Kozmice , La\u017eany , Nuzbely , Terez\u00edn) , Rad\u011btice , Radimovice u T\u00e1bora , Radimovice u \u017del\u010de , Radkov (Paseka) , Rataje (Koz\u00edn) , Ratibo\u0159sk\u00e9 Hory (Dub , Malen\u00edn , Podol\u00ed , Ratibo\u0159ice , V\u0159esce) , Rodn\u00e1 (Blani\u010dka , Naho\u0159any) , Roudn\u00e1 (Janov) , \u0158em\u00ed\u010dov (Bukov\u00e1) , \u0158epe\u010d (K\u00e1\u0161ovice) , \u0158\u00edpec , Sedle\u010dko u Sob\u011bslav\u011b , Sezimovo \u00dast\u00ed , Skalice (Radimov , Rybova Lhota , T\u0159ebi\u0161t\u011b) , Skopytce (Chabrovice) , Skr\u00fdchov u Mal\u0161ic (Dudov) , Slapsko (Javor , Le\u0161tina , Morave\u010d , Vitanovice , Zahr\u00e1dka) , Slapy (Hnojn\u00e1 Lhotka) , Smilovy Hory (Franti\u0161kov , Mal\u00fd Je\u017eov , Obr\u00e1tice , Radostovice , Stojslavice , Velk\u00fd Je\u017eov) , Sob\u011bslav (Chlebov , Nedv\u011bdice , Sob\u011bslav I , Sob\u011bslav II , Sob\u011bslav III) , St\u00e1dlec (H\u00e1jky , K\u0159\u00edda , Slav\u0148ovice , Star\u00e9 Sedlo) , Sudom\u011b\u0159ice u Bechyn\u011b (Bechy\u0148sk\u00e1 Smole\u010d , Be\u017eerovice) , Sudom\u011b\u0159ice u T\u00e1bora , Sviny (Kundratice) , Svrabov (Hejlov) , \u0160eb\u00ed\u0159ov (K\u0159ekovice , K\u0159ekovick\u00e1 Lhota , K\u0159\u00ed\u017eenec , Lh\u00fd\u0161ov , Popovice , Skr\u00fd\u0161ov , Vosn\u00e1 , Vrcholtovice , Vy\u0161etice , Z\u00e1\u0159\u00ed\u010d\u00ed u Mlad\u00e9 Vo\u017eice) , T\u00e1bor (\u010cekanice , \u010celkovice , Hlinice , Horky , Klokoty , M\u011b\u0161ice , N\u00e1chod , Smyslov , Stoklasn\u00e1 Lhota , T\u00e1bor , V\u011btrovy , V\u0161echov , Zahr\u00e1dka , Z\u00e1lu\u017e\u00ed , Z\u00e1rybni\u010dn\u00e1 Lhota) , T\u0159eb\u011bjice , Tu\u010dapy (Brandl\u00edn , Dvorce) , Turovec , \u00dastra\u0161ice , Val (Hamr) , Vesce (\u010ceraz , Mokr\u00e1) , Vesel\u00ed nad Lu\u017enic\u00ed (Horusice , Vesel\u00ed nad Lu\u017enic\u00ed I , Vesel\u00ed nad Lu\u017enic\u00ed I) , Vilice (Hrn\u010d\u00ed\u0159e) , Vlastibo\u0159 (Svinky , Z\u00e1lu\u017e\u00ed) , Vl\u010deves (Svat\u00e1 Anna) , Vlkov , Vodice (Bab\u010dice , Domamy\u0161l , H\u00e1jek , Male\u0161\u00edn , Osikovec) , Zadn\u00ed St\u0159\u00edte\u017e , Z\u00e1ho\u0159\u00ed , Z\u00e1l\u0161\u00ed (Kle\u010daty) , Zho\u0159 u Mlad\u00e9 Vo\u017eice , Zho\u0159 u T\u00e1bora , Zlukov , Zv\u011brotice , \u017dele\u010d (Bezd\u011b\u010d\u00edn) , \u017d\u00ed\u0161ov) dok\u00e1\u017eeme prov\u00e9st v\u00fdkopov\u00e9, zemn\u00ed \u010di demoli\u010dn\u00ed pr\u00e1ce v\u010detn\u011b odvozu materi\u00e1lu, p\u0159istaven\u00ed a odvezen\u00ed kontejneru za bezkonkuren\u010dn\u00ed ceny.\n\n<\/p>\n","protected":false},"excerpt":{"rendered":"<p>V okrese T\u00e1bor-m\u011bsto a tedy ve m\u011bstech (Balkova Lhota , Be\u010dice , Bechyn\u011b (Hvo\u017e\u010fany , Seno\u017eaty) , B\u011ble\u010d (Bzov\u00e1 , Elban\u010dice) , Borkovice , Borot\u00edn (Boratkov , Hatov , Chomoutova Lhota , Kamenn\u00e1 Lhota , Libenice , Nov\u00fd Kostelec , Pej\u0161ova Lhota , Pikov , P\u0159edbojov , Sychrov) , Brad\u00e1\u010dov [&hellip;]<\/p>\n","protected":false},"author":1,"featured_media":0,"parent":0,"menu_order":0,"comment_status":"closed","ping_status":"closed","template":"","meta":{"footnotes":""},"_links":{"self":[{"href":"https:\/\/bagrujem.cz\/index.php\/wp-json\/wp\/v2\/pages\/150"}],"collection":[{"href":"https:\/\/bagrujem.cz\/index.php\/wp-json\/wp\/v2\/pages"}],"about":[{"href":"https:\/\/bagrujem.cz\/index.php\/wp-json\/wp\/v2\/types\/page"}],"author":[{"embeddable":true,"href":"https:\/\/bagrujem.cz\/index.php\/wp-json\/wp\/v2\/users\/1"}],"replies":[{"embeddable":true,"href":"https:\/\/bagrujem.cz\/index.php\/wp-json\/wp\/v2\/comments?post=150"}],"version-history":[{"count":1,"href":"https:\/\/bagrujem.cz\/index.php\/wp-json\/wp\/v2\/pages\/150\/revisions"}],"predecessor-version":[{"id":151,"href":"https:\/\/bagrujem.cz\/index.php\/wp-json\/wp\/v2\/pages\/150\/revisions\/151"}],"wp:attachment":[{"href":"https:\/\/bagrujem.cz\/index.php\/wp-json\/wp\/v2\/media?parent=150"}],"curies":[{"name":"wp","href":"https:\/\/api.w.org\/{rel}","templated":true}]}}