{"id":112,"date":"2019-09-07T16:12:40","date_gmt":"2019-09-07T14:12:40","guid":{"rendered":"http:\/\/bagrujem.cz\/?page_id=112"},"modified":"2019-10-05T16:08:18","modified_gmt":"2019-10-05T14:08:18","slug":"zemni-prace-pro-okres-ceske-budejovice-mesto","status":"publish","type":"page","link":"https:\/\/bagrujem.cz\/index.php\/zemni-prace-pro-okres-ceske-budejovice-mesto\/","title":{"rendered":"Zemn\u00ed pr\u00e1ce pro okres \u010cesk\u00e9 Bud\u011bjovice-m\u011bsto"},"content":{"rendered":"\n<p style=\"color:#e92020;text-align:center\" class=\"has-text-color\"><strong>Bagrujem.cz +420 775 201 165<\/strong><\/p>\n\n\n\n<p>\n\nV okrese \u010cesk\u00e9 Bud\u011bjovice-m\u011bsto a tedy ve m\u011bstech (Adamov , Be\u010dice , Borek , Borovany (Dvorec , Hlubok\u00e1 u Borovan , Radostice , Trocnov , T\u0159ebe\u010d , Vrcov) , Borovnice , Bor\u0161ov nad Vltavou (Jamn\u00e9 , Po\u0159\u00ed\u010d\u00ed , Zahor\u010dice) , Bo\u0161ilec , Brani\u0161ov , B\u0159ehov , \u010cakov (\u010cakovec , Holubovsk\u00e1 Ba\u0161ta) , \u010cejkovice , \u010cenkov u Bechyn\u011b , \u010cesk\u00e9 Bud\u011bjovice , \u010c\u00ed\u017ekrajice (Bor\u0161\u00edkov , Chvalkov , Meziles\u00ed) , Dasn\u00fd , D\u00edv\u010dice (\u010cesk\u00e1 Lhota , Dubenec , Novosedly , Zbudov) , Dobr\u00e1 Voda u \u010cesk\u00fdch Bud\u011bjovic , Dob\u0161ice , Doln\u00ed Bukovsko (Bz\u00ed , Doln\u00ed Bukovsko , Horn\u00ed Bukovsko , Hvozdno , Pelejovice , Popovice , Radonice , Sedl\u00edkovice) , Doubravice , Doudleby (Stra\u0148any) , Drahot\u011b\u0161ice , Dra\u017e\u00ed\u010d (B\u0159ez\u00ed , Karlov-Nepomuk , Vranov) , D\u0159\u00edte\u0148 (Chvale\u0161ovice , Lib\u00edv , Male\u0161ice , Radomilice , Strachovice , Velice , Z\u00e1blat\u00ed , Z\u00e1blat\u00ed\u010dko) , Dubi\u010dn\u00e9 , Dubn\u00e9 (Jaronice , K\u0159enovice , T\u0159eb\u00edn) , Dyn\u00edn (Lhota) , Hab\u0159\u00ed , Hartmanice , He\u0159ma\u0148 , Hlavatce , Hlincov\u00e1 Hora , Hlubok\u00e1 nad Vltavou (Bavorovice , Buzkov , Hlubok\u00e1 nad Vltavou , Hrozn\u011bjovice , Jaroslavice , Jeznice , Kostelec , L\u00ed\u0161nice , Munice , Pon\u011b\u0161ice , Purkarec) , Homole (\u010cern\u00fd Dub , Nov\u00e9 Homole) , Horn\u00ed Kn\u011b\u017eeklady (Doln\u00ed Kn\u011b\u017eeklady , \u0160tipoklasy) , Horn\u00ed Stropnice (Bed\u0159ichov , Dlouh\u00e1 Stropnice , Dobr\u00e1 Voda , Hlinov , Hojn\u00e1 Voda , Horn\u00ed Stropnice , Humenice , Chlupat\u00e1 Ves , Konratice , Kr\u010d\u00edn , Mezilu\u017e\u00ed , Olbramov , Paseky , Rychnov u Nov\u00fdch Hrad\u016f , \u0160ejby , Star\u00e9 Hut\u011b , St\u0159ezim\u011b\u0159ice , Sv\u00e9bohy , Sv\u011btv\u00ed , Vesce , Vyhl\u00eddky) , Hos\u00edn (Dob\u0159ejovice) , Hosty , Hradce , Hranice (Trpnouze) , Hrd\u011bjovice (Opatovice) , H\u016fry , Hvozdec , Chot\u00fd\u010dany , Chr\u00e1\u0161\u0165any (Doubrava , Doubravka , Kolom\u011b\u0159ice , Pa\u0161ovice) , Jankov (Hola\u0161ovice) , J\u00edlovice (Jitern\u00ed Ves , Koj\u00e1kovice , Kramol\u00edn , Lipnice , Nepomuk , \u0160almanovice , Vlachnovice) , Jivno , Kamenn\u00e1 (Kla\u017eary , Kondra\u010d) , Kamenn\u00fd \u00dajezd (B\u0159ez\u00ed , Bukovec , Kamenn\u00fd \u00dajezd , Kosov , Krasejovka , Mil\u00edkovice , Opalice , Radostice , Ran\u010dice) , Koma\u0159ice (Pa\u0161inovice , Sedlo , Stradov) , Kv\u00edtkovice , Ledenice (Ohrazen\u00ed , Ohrazen\u00ed\u010dko , R\u016f\u017eov , Zaliny , Zborov) , Lib\u00edn (Slavo\u0161ovice , Spol\u00ed) , Libn\u00ed\u010d (Jelmo) , Lip\u00ed (Kali\u0161t\u011b u Lip\u00ed) , Li\u0161ov (\u010cerven\u00fd \u00dajezdec , Doln\u00ed Milet\u00edn , Doln\u00ed Slov\u011bnice , Horn\u00ed Milet\u00edn , Horn\u00ed Slov\u011bnice , Hrutov , H\u016frky , Koln\u00fd , Lev\u00edn , Lhotice , Li\u0161ov , Velechv\u00edn , Vlkovice) , Litv\u00ednovice (Mokr\u00e9 , \u0160indlovy Dvory) , Lo\u010denice (Nesm\u011b\u0148) , Mazelov , Mlado\u0161ovice (Lhota , Petrovice) , Modr\u00e1 H\u016frka (Po\u0159e\u017e\u00e1nky) , Mokr\u00fd Lom (Lahu\u0165 , Pol\u017eov) , Mydlovary , N\u00e1k\u0159\u00ed , Nedabyle , Neplachov , Nov\u00e1 Ves (H\u016frka) , Nov\u00e9 Hrady (By\u0148ov , Nakolice , Obora , \u0160tipto\u0148 , \u00dadol\u00ed , Veve\u0159\u00ed , Vy\u0161n\u00e9) , Ole\u0161nice (Bukov\u00e1 , Lhotka) , Ole\u0161n\u00edk (Chlumec , Nov\u00e1 Ves) , Ostrolovsk\u00fd \u00dajezd , Pet\u0159\u00edkov (T\u011b\u0161\u00ednov) , Pi\u0161t\u00edn (\u010ce\u0161novice , Pa\u0161ice , Z\u00e1lu\u017eice) , Plan\u00e1 , Plav , Rado\u0161ovice (Tupesy) , Roudn\u00e9 , Rudolfov (Hlinsko) , \u0158\u00edmov (Brani\u0161ovice , Doln\u00ed Stropnice , Doln\u00ed Vesce , Horn\u00ed Vesce , Kladiny) , Sedlec (L\u00e9ka\u0159ova Lhota , Mal\u00e9 Chr\u00e1\u0161\u0165any , Pl\u00e1stovice , Vlhlavy) , Slav\u010de (Dobrkovsk\u00e1 Lhotka , Keblany , Lni\u0161t\u011b , Mohu\u0159ice , Z\u00e1lu\u017e\u00ed) , Srubec (Star\u00e1 Poh\u016frka) , Star\u00e9 Hod\u011bjovice , Str\u00e1\u017ekovice (Lomec , \u0158ev\u0148ovice) , Str\u00fd\u010dice , St\u0159\u00ed\u017eov , Svat\u00fd Jan nad Mal\u0161\u00ed (Chlum , Sedlce , Hrachovy Hory) , \u0160ev\u011bt\u00edn , \u0160t\u011bp\u00e1novice , Temel\u00edn (B\u0159ez\u00ed u T\u00fdna nad Vltavou , Kn\u00edn , Ko\u010d\u00edn , K\u0159t\u011bnov , Lhota pod Horami , Litoradlice , Podh\u00e1j\u00ed , Sedlec , Temel\u00edn , Temel\u00ednec , Zv\u011brkovice) , Trhov\u00e9 Sviny (B\u0159ez\u00ed , Bukvice , \u010ce\u0159ejov , Hr\u00e1dek , Jedovary , N\u011bchov , Ne\u017eetice , Ot\u011bv\u011bk , P\u011b\u010d\u00edn , Rankov , Todn\u011b , Trhov\u00e9 Sviny , T\u0159eb\u00ed\u010dko , Veselka) , T\u00fdn nad Vltavou (Hn\u011bvkovice na lev\u00e9m b\u0159ehu Vltavy , Kolod\u011bje nad Lu\u017enic\u00ed , Mal\u00e1 Strana , Net\u011bchovice , Nuzice , P\u0159ed\u010dice , T\u00fdn nad Vltavou , Vesce) , \u00dasiln\u00e9 , V\u010deln\u00e1 , Vidov , Vit\u00edn , Vlkov , Vr\u00e1b\u010de (Koroseky , Kroclov , Slav\u010de) , Vr\u00e1to , V\u0161emyslice (Bohunice , Nezna\u0161ov , Slav\u011btice , V\u0161ete\u010d) , Z\u00e1bo\u0159\u00ed (Dob\u010dice , Lipanovice) , Zah\u00e1j\u00ed , Z\u00e1vraty , Zliv , Zv\u00edkov , \u017dabov\u0159esky (Deht\u00e1\u0159e) , \u017d\u00e1r (Bo\u017eejov , \u017dumberk) , \u017dimutice (Hru\u0161ov , Krakov\u010dice , Po\u0159e\u017eany , Smilovice , Sob\u011btice , T\u0159itim , Tuchonice , \u017dimutice)) dok\u00e1\u017eeme prov\u00e9st v\u00fdkopov\u00e9, zemn\u00ed \u010di demoli\u010dn\u00ed pr\u00e1ce v\u010detn\u011b odvozu materi\u00e1lu, p\u0159istaven\u00ed a odvezen\u00ed kontejneru za bezkonkuren\u010dn\u00ed ceny.\n\n<\/p>\n","protected":false},"excerpt":{"rendered":"<p>Bagrujem.cz +420 775 201 165 V okrese \u010cesk\u00e9 Bud\u011bjovice-m\u011bsto a tedy ve m\u011bstech (Adamov , Be\u010dice , Borek , Borovany (Dvorec , Hlubok\u00e1 u Borovan , Radostice , Trocnov , T\u0159ebe\u010d , Vrcov) , Borovnice , Bor\u0161ov nad Vltavou (Jamn\u00e9 , Po\u0159\u00ed\u010d\u00ed , Zahor\u010dice) , Bo\u0161ilec , Brani\u0161ov , B\u0159ehov [&hellip;]<\/p>\n","protected":false},"author":1,"featured_media":156,"parent":0,"menu_order":0,"comment_status":"closed","ping_status":"closed","template":"","meta":{"footnotes":""},"_links":{"self":[{"href":"https:\/\/bagrujem.cz\/index.php\/wp-json\/wp\/v2\/pages\/112"}],"collection":[{"href":"https:\/\/bagrujem.cz\/index.php\/wp-json\/wp\/v2\/pages"}],"about":[{"href":"https:\/\/bagrujem.cz\/index.php\/wp-json\/wp\/v2\/types\/page"}],"author":[{"embeddable":true,"href":"https:\/\/bagrujem.cz\/index.php\/wp-json\/wp\/v2\/users\/1"}],"replies":[{"embeddable":true,"href":"https:\/\/bagrujem.cz\/index.php\/wp-json\/wp\/v2\/comments?post=112"}],"version-history":[{"count":2,"href":"https:\/\/bagrujem.cz\/index.php\/wp-json\/wp\/v2\/pages\/112\/revisions"}],"predecessor-version":[{"id":307,"href":"https:\/\/bagrujem.cz\/index.php\/wp-json\/wp\/v2\/pages\/112\/revisions\/307"}],"wp:featuredmedia":[{"embeddable":true,"href":"https:\/\/bagrujem.cz\/index.php\/wp-json\/wp\/v2\/media\/156"}],"wp:attachment":[{"href":"https:\/\/bagrujem.cz\/index.php\/wp-json\/wp\/v2\/media?parent=112"}],"curies":[{"name":"wp","href":"https:\/\/api.w.org\/{rel}","templated":true}]}}