{"id":30,"date":"2019-06-08T15:37:11","date_gmt":"2019-06-08T13:37:11","guid":{"rendered":"http:\/\/bagrujem.cz\/?page_id=30"},"modified":"2025-03-27T10:01:18","modified_gmt":"2025-03-27T09:01:18","slug":"sluzby","status":"publish","type":"page","link":"https:\/\/bagrujem.cz\/index.php\/sluzby\/","title":{"rendered":"Slu\u017eby"},"content":{"rendered":"\n<p class=\"has-text-align-center has-text-color\" style=\"color:#e92020\"><strong>Bagrujem.cz +420 775 201 165<\/strong><\/p>\n\n\n\n<h3 class=\"wp-block-heading\">Zemn\u00ed a v\u00fdkopov\u00e9 pr\u00e1ce<\/h3>\n\n\n\n<ul>\n<li>V\u00fdkopov\u00e9 a zemn\u00ed pr\u00e1ce dle po\u017eadavk\u016f z\u00e1kazn\u00edka<\/li>\n\n\n\n<li>Pokl\u00e1dka kanalizace pro rodinn\u00e9 domy<\/li>\n\n\n\n<li>Demoli\u010dn\u00ed pr\u00e1ce<\/li>\n\n\n\n<li>Nakl\u00e1d\u00e1n\u00ed materi\u00e1lu<\/li>\n\n\n\n<li>Hlouben\u00ed drap\u00e1kem do 10m<\/li>\n\n\n\n<li>\u00dapravy zahrad<\/li>\n\n\n\n<li>\u00dapravy ter\u00e9n\u016f<\/li>\n\n\n\n<li>V\u00fdkopy sklep\u016f a z\u00e1klad\u016f rodinn\u00fdch dom\u016f<\/li>\n\n\n\n<li>V\u00fdkopy pro kabely, vodu, kanalizaci, plynov\u00e9 potrub\u00ed<\/li>\n\n\n\n<li>V\u00fdkopy pro baz\u00e9ny, \u010disti\u010dky, j\u00edmky<\/li>\n\n\n\n<li>\u010ci\u0161t\u011bn\u00ed vodn\u00edch tok\u016f i stok<\/li>\n\n\n\n<li>Zhotoven\u00ed p\u0159\u00edjezdov\u00fdch cest a podklad\u016f<\/li>\n\n\n\n<li>Nakl\u00e1d\u00e1n\u00ed materi\u00e1lu, zeminy, p\u00edsk\u016f, \u0161t\u011brk\u016f, sut\u011b<\/li>\n\n\n\n<li>Havarijn\u00ed opravy<\/li>\n\n\n\n<li>Zhotoven\u00ed nov\u00fdch \u0161t\u011brkov\u00fdch cest a renovace cest v havarijn\u00edm stavu<\/li>\n\n\n\n<li>P\u0159\u00edpravn\u00e9 pr\u00e1ce pro zakl\u00e1d\u00e1n\u00ed staveb, dokon\u010dovac\u00ed pr\u00e1ce<\/li>\n\n\n\n<li>Odvoz a dovoz zeminy sut\u011b a jin\u00fdch stavebn\u00edch materi\u00e1l\u016f\u00a0<\/li>\n\n\n\n<li>P\u0159istaven\u00ed kontejneru<\/li>\n\n\n\n<li>Komplet z\u00e1kladov\u00e9 desky v\u010detn\u011b beton\u00e1\u017ee.<\/li>\n\n\n\n<li>Zimn\u00ed \u00fadr\u017eba silnic a ostatn\u00edch komunikac\u00ed<\/li>\n\n\n\n<li>Ukl\u00e1d\u00e1n\u00ed baz\u00e9n\u016f a j\u00edmek na kl\u00ed\u010d <\/li>\n<\/ul>\n\n\n\n<h3 class=\"wp-block-heading\">Demoli\u010dn\u00ed pr\u00e1ce<\/h3>\n\n\n\n<p>V  oblasti demoli\u010dn\u00edch prac\u00ed pro na\u0161e z\u00e1kazn\u00edky zbour\u00e1me nap\u0159: Domky, domy a jin\u00e9 stavebn\u00ed objekty. <br><\/p>\n\n\n\n<h3 class=\"wp-block-heading\">Pron\u00e1jem bagr\u016f a stroj\u016f<\/h3>\n\n\n\n<p>Nab\u00edz\u00edme pron\u00e1jem kvalitn\u00edch bagr\u016f a stavebn\u00edch stroj\u016f pro \u0161irok\u00e9 spektrum vyu\u017eit\u00ed. Na\u0161e stroje jsou ide\u00e1ln\u00ed pro v\u00fdkopy, ter\u00e9nn\u00ed \u00fapravy, demolice, stavebn\u00ed pr\u00e1ce a dal\u0161\u00ed aplikace. S na\u0161\u00ed flotilou modern\u00edch stroj\u016f a za\u0159\u00edzen\u00ed zajist\u00edme efektivn\u00ed a bezpe\u010dn\u00e9 proveden\u00ed va\u0161\u00ed zak\u00e1zky.<\/p>\n\n\n\n<p>Na\u0161e nab\u00eddka zahrnuje:<\/p>\n\n\n\n<ul>\n<li>Minibagry \u2013 pro men\u0161\u00ed projekty a pr\u00e1ce v t\u011bsn\u00fdch prostorech.<\/li>\n\n\n\n<li>St\u0159edn\u00ed bagry \u2013 ide\u00e1ln\u00ed pro st\u0159edn\u011b n\u00e1ro\u010dn\u00e9 ter\u00e9nn\u00ed \u00fapravy.<\/li>\n\n\n\n<li>Velk\u00e9 bagry \u2013 pro t\u011b\u017ek\u00e9 v\u00fdkopy a masivn\u00ed stavebn\u00ed pr\u00e1ce.<\/li>\n\n\n\n<li>R\u016fzn\u00e9 p\u0159\u00edslu\u0161enstv\u00ed \u2013 nap\u0159\u00edklad paletiza\u010dn\u00ed vidle, drap\u00e1ky, naklada\u010de a dal\u0161\u00ed.<\/li>\n<\/ul>\n\n\n\n<p>Pro\u010d si vybrat pr\u00e1v\u011b n\u00e1s?<\/p>\n\n\n\n<ul>\n<li>Kvalitn\u00ed technika: Na\u0161e stroje jsou pravideln\u011b servisov\u00e1ny a v\u017edy v perfektn\u00edm technick\u00e9m stavu.<\/li>\n\n\n\n<li>Flexibilita: Nab\u00edz\u00edme pron\u00e1jem na kr\u00e1tkodob\u00e9 i dlouhodob\u00e9 obdob\u00ed.<\/li>\n\n\n\n<li>Doprava a obsluha: M\u016f\u017eeme zajistit dopravu stroj\u016f na m\u00edsto stavby i zaji\u0161t\u011bn\u00ed odborn\u00e9 obsluhy.<\/li>\n\n\n\n<li>P\u0159ijateln\u00e9 ceny: Nab\u00edz\u00edme konkurenceschopn\u00e9 ceny s mo\u017enost\u00ed individu\u00e1ln\u00edho nastaven\u00ed podle va\u0161ich pot\u0159eb.<\/li>\n<\/ul>\n\n\n\n<p>Kontaktujte n\u00e1s a z\u00edskejte cenovou nab\u00eddku na m\u00edru. Na\u0161e slu\u017eby jsou rychl\u00e9, spolehliv\u00e9 a p\u0159izp\u016fsoben\u00e9 va\u0161im po\u017eadavk\u016fm.<\/p>\n","protected":false},"excerpt":{"rendered":"<p>Bagrujem.cz +420 775 201 165 Zemn\u00ed a v\u00fdkopov\u00e9 pr\u00e1ce Demoli\u010dn\u00ed pr\u00e1ce V oblasti demoli\u010dn\u00edch prac\u00ed pro na\u0161e z\u00e1kazn\u00edky zbour\u00e1me nap\u0159: Domky, domy a jin\u00e9 stavebn\u00ed objekty. Pron\u00e1jem bagr\u016f a stroj\u016f Nab\u00edz\u00edme pron\u00e1jem kvalitn\u00edch bagr\u016f a stavebn\u00edch stroj\u016f pro \u0161irok\u00e9 spektrum vyu\u017eit\u00ed. Na\u0161e stroje jsou ide\u00e1ln\u00ed pro v\u00fdkopy, ter\u00e9nn\u00ed \u00fapravy, demolice, [&hellip;]<\/p>\n","protected":false},"author":1,"featured_media":156,"parent":0,"menu_order":0,"comment_status":"closed","ping_status":"closed","template":"","meta":{"footnotes":""},"_links":{"self":[{"href":"https:\/\/bagrujem.cz\/index.php\/wp-json\/wp\/v2\/pages\/30"}],"collection":[{"href":"https:\/\/bagrujem.cz\/index.php\/wp-json\/wp\/v2\/pages"}],"about":[{"href":"https:\/\/bagrujem.cz\/index.php\/wp-json\/wp\/v2\/types\/page"}],"author":[{"embeddable":true,"href":"https:\/\/bagrujem.cz\/index.php\/wp-json\/wp\/v2\/users\/1"}],"replies":[{"embeddable":true,"href":"https:\/\/bagrujem.cz\/index.php\/wp-json\/wp\/v2\/comments?post=30"}],"version-history":[{"count":11,"href":"https:\/\/bagrujem.cz\/index.php\/wp-json\/wp\/v2\/pages\/30\/revisions"}],"predecessor-version":[{"id":394,"href":"https:\/\/bagrujem.cz\/index.php\/wp-json\/wp\/v2\/pages\/30\/revisions\/394"}],"wp:featuredmedia":[{"embeddable":true,"href":"https:\/\/bagrujem.cz\/index.php\/wp-json\/wp\/v2\/media\/156"}],"wp:attachment":[{"href":"https:\/\/bagrujem.cz\/index.php\/wp-json\/wp\/v2\/media?parent=30"}],"curies":[{"name":"wp","href":"https:\/\/api.w.org\/{rel}","templated":true}]}}